{"id":39,"date":"2018-03-21T13:40:00","date_gmt":"2018-03-21T16:40:00","guid":{"rendered":"http:\/\/127.0.0.1\/loja\/?p=39"},"modified":"2023-10-04T22:49:28","modified_gmt":"2023-10-05T01:49:28","slug":"flor-concreto","status":"publish","type":"product","link":"http:\/\/marisolisidoro.com.br\/?product=flor-concreto","title":{"rendered":"A Flor no Concreto"},"content":{"rendered":"<p>Por meio de uma aventura fict\u00edcia, com suspense e imagina\u00e7\u00e3o, o livro prega a valoriza\u00e7\u00e3o e o respeito \u00e0 natureza e a tudo o que a ela pertence, questionando os valores sociol\u00f3gicos. Os textos podem ser fragmentados, fornecendo um vasto campo de interpreta\u00e7\u00f5es, instigando a pesquisa e a consulta a dicion\u00e1rios. \u00c9 tamb\u00e9m uma obra filos\u00f3fica, pois faz pensar, promovendo an\u00e1lises e reflex\u00f5es. Mostra aonde pode chegar a desuni\u00e3o e o que um cora\u00e7\u00e3o &gt;puro pode conquistar. Enquanto lia, imaginava as cenas representadas em teatro e filme. \u00c9 excelente para a faixa et\u00e1ria a que se prop\u00f5e e para o adulto que ainda tem uma crian\u00e7a dentro de si.<\/p>\n<p>Reni de F\u00e1tima Machado<\/p>\n<p>Pedagoga com habilita\u00e7\u00e3o em Educa\u00e7\u00e3o Infantil e Especialista em Gest\u00e3o,<br \/>\nOrienta\u00e7\u00e3o e Supervis\u00e3o Escolar<\/p>\n<p>Este livro, contendo narrativas numa linguagem clara e simples, apresenta temas atuais que devem ser debatidos por crian\u00e7as e jovens, que entendem e se interessam pelo meio ambiente e s\u00e3o sinceros, e pelos adultos que se consideram amantes da Natureza e propensos a reparar erros cometidos no passado e no presente.<br \/>\nAs figuras da capa e dos temas dos cap\u00edtulos impressionam e retratam com fidelidade a beleza dos textos.<\/p>\n<p>A autora, por meio deste livro, coloca em pauta assuntos que merecem muita reflex\u00e3o, a fim de que todos se mobilizem em favor da preserva\u00e7\u00e3o da Vida na Terra.<\/p>\n<p>Jos\u00e9 Anchangelo Sensi<\/p>\n<p>Professor de L\u00edngua Portuguesa de col\u00e9gios particulares e p\u00fablicos,<\/p>\n<p>ex-diretor de col\u00e9gio estadual e revisor de grafia do Positivo por 9 anos<\/p>\n","protected":false},"excerpt":{"rendered":"<p>Este livro, contendo narrativas numa linguagem clara e simples, apresenta temas atuais que devem ser debatidos por crian\u00e7as e jovens, que entendem e se interessam pelo meio ambiente e s\u00e3o sinceros, e pelos adultos que se consideram amantes da Natureza e propensos a reparar erros cometidos no passado e no presente.<br \/>\nAs figuras da capa e dos temas dos cap\u00edtulos impressionam e retratam com fidelidade a beleza dos textos.<\/p>\n<table border=\"0\">\n<tbody>\n<tr>\n<td><a href=\"http:\/\/marisolisidoro.com.br\/?product=a-flower-in-the-concrete\"> <button class=\"single_add_to_cart_button button alt\" type=\"button\">Em Ingl\u00eas<\/button> <\/a><\/td>\n<td><\/td>\n<td>[3d-flip-book mode=\"thumbnail-lightbox\" urlparam=\"fb3d-page\" id=\"689\" title=\"false\" lightbox=\"dark\"]<strong>Amostra do livro<\/strong><\/td>\n<\/tr>\n<\/tbody>\n<\/table>\n","protected":false},"featured_media":437,"comment_status":"open","ping_status":"closed","template":"","meta":[],"product_cat":[16],"product_tag":[],"yoast_head":"<!-- This site is optimized with the Yoast SEO plugin v21.3 - https:\/\/yoast.com\/wordpress\/plugins\/seo\/ -->\n<title>A Flor no Concreto - Marisol Isidoro<\/title>\n<meta name=\"robots\" content=\"index, follow, max-snippet:-1, max-image-preview:large, max-video-preview:-1\" \/>\n<link rel=\"canonical\" href=\"https:\/\/marisolisidoro.com.br\/?product=flor-concreto\" \/>\n<meta property=\"og:locale\" content=\"pt_BR\" \/>\n<meta property=\"og:type\" content=\"article\" \/>\n<meta property=\"og:title\" content=\"A Flor no Concreto - Marisol Isidoro\" \/>\n<meta property=\"og:description\" content=\"Este livro, contendo narrativas numa linguagem clara e simples, apresenta temas atuais que devem ser debatidos por crian\u00e7as e jovens, que entendem e se interessam pelo meio ambiente e s\u00e3o sinceros, e pelos adultos que se consideram amantes da Natureza e propensos a reparar erros cometidos no passado e no presente. As figuras da capa e dos temas dos cap\u00edtulos impressionam e retratam com fidelidade a beleza dos textos.     Em Ingl\u00eas   Amostra do livro\" \/>\n<meta property=\"og:url\" content=\"https:\/\/marisolisidoro.com.br\/?product=flor-concreto\" \/>\n<meta property=\"og:site_name\" content=\"Marisol Isidoro\" \/>\n<meta property=\"article:publisher\" content=\"https:\/\/www.facebook.com\/marisol.isidoro\/\" \/>\n<meta property=\"article:modified_time\" content=\"2023-10-05T01:49:28+00:00\" \/>\n<meta property=\"og:image\" content=\"https:\/\/marisolisidoro.com.br\/wp-content\/uploads\/2018\/03\/A-flor-no-concreto.png\" \/>\n\t<meta property=\"og:image:width\" content=\"768\" \/>\n\t<meta property=\"og:image:height\" content=\"1024\" \/>\n\t<meta property=\"og:image:type\" content=\"image\/png\" \/>\n<meta name=\"twitter:card\" content=\"summary_large_image\" \/>\n<meta name=\"twitter:label1\" content=\"Est. tempo de leitura\" \/>\n\t<meta name=\"twitter:data1\" content=\"2 minutos\" \/>\n<script type=\"application\/ld+json\" class=\"yoast-schema-graph\">{\"@context\":\"https:\/\/schema.org\",\"@graph\":[{\"@type\":\"WebPage\",\"@id\":\"https:\/\/marisolisidoro.com.br\/?product=flor-concreto\",\"url\":\"https:\/\/marisolisidoro.com.br\/?product=flor-concreto\",\"name\":\"A Flor no Concreto - Marisol Isidoro\",\"isPartOf\":{\"@id\":\"https:\/\/marisolisidoro.com.br\/#website\"},\"datePublished\":\"2018-03-21T16:40:00+00:00\",\"dateModified\":\"2023-10-05T01:49:28+00:00\",\"breadcrumb\":{\"@id\":\"https:\/\/marisolisidoro.com.br\/?product=flor-concreto#breadcrumb\"},\"inLanguage\":\"pt-BR\",\"potentialAction\":[{\"@type\":\"ReadAction\",\"target\":[\"https:\/\/marisolisidoro.com.br\/?product=flor-concreto\"]}]},{\"@type\":\"BreadcrumbList\",\"@id\":\"https:\/\/marisolisidoro.com.br\/?product=flor-concreto#breadcrumb\",\"itemListElement\":[{\"@type\":\"ListItem\",\"position\":1,\"name\":\"In\u00edcio\",\"item\":\"https:\/\/marisolisidoro.com.br\/\"},{\"@type\":\"ListItem\",\"position\":2,\"name\":\"Loja\",\"item\":\"https:\/\/marisolisidoro.com.br\/?page_id=4\"},{\"@type\":\"ListItem\",\"position\":3,\"name\":\"A Flor no Concreto\"}]},{\"@type\":\"WebSite\",\"@id\":\"https:\/\/marisolisidoro.com.br\/#website\",\"url\":\"https:\/\/marisolisidoro.com.br\/\",\"name\":\"Marisol Isidoro\",\"description\":\"Ingl\u00eas com logica\",\"potentialAction\":[{\"@type\":\"SearchAction\",\"target\":{\"@type\":\"EntryPoint\",\"urlTemplate\":\"https:\/\/marisolisidoro.com.br\/?s={search_term_string}\"},\"query-input\":\"required name=search_term_string\"}],\"inLanguage\":\"pt-BR\"}]}<\/script>\n<!-- \/ Yoast SEO plugin. -->","yoast_head_json":{"title":"A Flor no Concreto - Marisol Isidoro","robots":{"index":"index","follow":"follow","max-snippet":"max-snippet:-1","max-image-preview":"max-image-preview:large","max-video-preview":"max-video-preview:-1"},"canonical":"https:\/\/marisolisidoro.com.br\/?product=flor-concreto","og_locale":"pt_BR","og_type":"article","og_title":"A Flor no Concreto - Marisol Isidoro","og_description":"Este livro, contendo narrativas numa linguagem clara e simples, apresenta temas atuais que devem ser debatidos por crian\u00e7as e jovens, que entendem e se interessam pelo meio ambiente e s\u00e3o sinceros, e pelos adultos que se consideram amantes da Natureza e propensos a reparar erros cometidos no passado e no presente. As figuras da capa e dos temas dos cap\u00edtulos impressionam e retratam com fidelidade a beleza dos textos.     Em Ingl\u00eas   Amostra do livro","og_url":"https:\/\/marisolisidoro.com.br\/?product=flor-concreto","og_site_name":"Marisol Isidoro","article_publisher":"https:\/\/www.facebook.com\/marisol.isidoro\/","article_modified_time":"2023-10-05T01:49:28+00:00","og_image":[{"width":768,"height":1024,"url":"https:\/\/marisolisidoro.com.br\/wp-content\/uploads\/2018\/03\/A-flor-no-concreto.png","type":"image\/png"}],"twitter_card":"summary_large_image","twitter_misc":{"Est. tempo de leitura":"2 minutos"},"schema":{"@context":"https:\/\/schema.org","@graph":[{"@type":"WebPage","@id":"https:\/\/marisolisidoro.com.br\/?product=flor-concreto","url":"https:\/\/marisolisidoro.com.br\/?product=flor-concreto","name":"A Flor no Concreto - Marisol Isidoro","isPartOf":{"@id":"https:\/\/marisolisidoro.com.br\/#website"},"datePublished":"2018-03-21T16:40:00+00:00","dateModified":"2023-10-05T01:49:28+00:00","breadcrumb":{"@id":"https:\/\/marisolisidoro.com.br\/?product=flor-concreto#breadcrumb"},"inLanguage":"pt-BR","potentialAction":[{"@type":"ReadAction","target":["https:\/\/marisolisidoro.com.br\/?product=flor-concreto"]}]},{"@type":"BreadcrumbList","@id":"https:\/\/marisolisidoro.com.br\/?product=flor-concreto#breadcrumb","itemListElement":[{"@type":"ListItem","position":1,"name":"In\u00edcio","item":"https:\/\/marisolisidoro.com.br\/"},{"@type":"ListItem","position":2,"name":"Loja","item":"https:\/\/marisolisidoro.com.br\/?page_id=4"},{"@type":"ListItem","position":3,"name":"A Flor no Concreto"}]},{"@type":"WebSite","@id":"https:\/\/marisolisidoro.com.br\/#website","url":"https:\/\/marisolisidoro.com.br\/","name":"Marisol Isidoro","description":"Ingl\u00eas com logica","potentialAction":[{"@type":"SearchAction","target":{"@type":"EntryPoint","urlTemplate":"https:\/\/marisolisidoro.com.br\/?s={search_term_string}"},"query-input":"required name=search_term_string"}],"inLanguage":"pt-BR"}]}},"_links":{"self":[{"href":"http:\/\/marisolisidoro.com.br\/index.php?rest_route=\/wp\/v2\/product\/39"}],"collection":[{"href":"http:\/\/marisolisidoro.com.br\/index.php?rest_route=\/wp\/v2\/product"}],"about":[{"href":"http:\/\/marisolisidoro.com.br\/index.php?rest_route=\/wp\/v2\/types\/product"}],"replies":[{"embeddable":true,"href":"http:\/\/marisolisidoro.com.br\/index.php?rest_route=%2Fwp%2Fv2%2Fcomments&post=39"}],"wp:featuredmedia":[{"embeddable":true,"href":"http:\/\/marisolisidoro.com.br\/index.php?rest_route=\/wp\/v2\/media\/437"}],"wp:attachment":[{"href":"http:\/\/marisolisidoro.com.br\/index.php?rest_route=%2Fwp%2Fv2%2Fmedia&parent=39"}],"wp:term":[{"taxonomy":"product_cat","embeddable":true,"href":"http:\/\/marisolisidoro.com.br\/index.php?rest_route=%2Fwp%2Fv2%2Fproduct_cat&post=39"},{"taxonomy":"product_tag","embeddable":true,"href":"http:\/\/marisolisidoro.com.br\/index.php?rest_route=%2Fwp%2Fv2%2Fproduct_tag&post=39"}],"curies":[{"name":"wp","href":"https:\/\/api.w.org\/{rel}","templated":true}]}}