{"id":396,"date":"2018-07-01T20:47:07","date_gmt":"2018-07-01T23:47:07","guid":{"rendered":"http:\/\/127.0.0.1\/loja\/?post_type=product&#038;p=396"},"modified":"2018-12-05T11:16:21","modified_gmt":"2018-12-05T13:16:21","slug":"exercicios-extras-de-apoio-em-ingles-3-com-respostas","status":"publish","type":"product","link":"http:\/\/marisolisidoro.com.br\/?product=exercicios-extras-de-apoio-em-ingles-3-com-respostas","title":{"rendered":"Exerc\u00edcios Extras de Apoio em Ingl\u00eas 3 &#8211; (Com respostas)"},"content":{"rendered":"","protected":false},"excerpt":{"rendered":"<p>Exerc\u00edcios Extras de Apoio em Ingl\u00eas 3 al\u00e9m de reciclar t\u00f3picos gramaticais apresentados nos volumes 1 e 2, completa o volume 1 e 2 com mais t\u00f3picos fr\u00e1geis e d\u00fabios para o aluno da l\u00edngua inglesa, tanto na ala gramatical como na expans\u00e3o do vocabul\u00e1rio.<\/p>\n<table border=\"0\">\n<tbody>\n<tr>\n<td><a href=\"http:\/\/marisolisidoro.com.br\/?product=exercicios-extras-de-apoio-em-ingles-3\"><button class=\"single_add_to_cart_button button alt\" type=\"button\">Sem Respostas<\/button><\/a><\/td>\n<td><\/td>\n<td><\/td>\n<td>[3d-flip-book mode=\"thumbnail-lightbox\" urlparam=\"fb3d-page\" id=\"685\" title=\"false\" lightbox=\"dark\"]<strong>Amostra do livro<\/strong><\/td>\n<\/tr>\n<\/tbody>\n<\/table>\n","protected":false},"featured_media":433,"comment_status":"open","ping_status":"closed","template":"","meta":[],"product_cat":[20],"product_tag":[],"yoast_head":"<!-- This site is optimized with the Yoast SEO plugin v21.3 - https:\/\/yoast.com\/wordpress\/plugins\/seo\/ -->\n<title>Exerc\u00edcios Extras de Apoio em Ingl\u00eas 3 - (Com respostas) - Marisol Isidoro<\/title>\n<meta name=\"robots\" content=\"index, follow, max-snippet:-1, max-image-preview:large, max-video-preview:-1\" \/>\n<link rel=\"canonical\" href=\"http:\/\/marisolisidoro.com.br\/?product=exercicios-extras-de-apoio-em-ingles-3-com-respostas\" \/>\n<meta property=\"og:locale\" content=\"pt_BR\" \/>\n<meta property=\"og:type\" content=\"article\" \/>\n<meta property=\"og:title\" content=\"Exerc\u00edcios Extras de Apoio em Ingl\u00eas 3 - (Com respostas) - Marisol Isidoro\" \/>\n<meta property=\"og:description\" content=\"Exerc\u00edcios Extras de Apoio em Ingl\u00eas 3 al\u00e9m de reciclar t\u00f3picos gramaticais apresentados nos volumes 1 e 2, completa o volume 1 e 2 com mais t\u00f3picos fr\u00e1geis e d\u00fabios para o aluno da l\u00edngua inglesa, tanto na ala gramatical como na expans\u00e3o do vocabul\u00e1rio.    Sem Respostas   Amostra do livro\" \/>\n<meta property=\"og:url\" content=\"http:\/\/marisolisidoro.com.br\/?product=exercicios-extras-de-apoio-em-ingles-3-com-respostas\" \/>\n<meta property=\"og:site_name\" content=\"Marisol Isidoro\" \/>\n<meta property=\"article:publisher\" content=\"https:\/\/www.facebook.com\/marisol.isidoro\/\" \/>\n<meta property=\"article:modified_time\" content=\"2018-12-05T13:16:21+00:00\" \/>\n<meta property=\"og:image\" content=\"http:\/\/marisolisidoro.com.br\/wp-content\/uploads\/2018\/07\/AF_CAPA_EEDA_03_com_resposta-1.jpg\" \/>\n\t<meta property=\"og:image:width\" content=\"1211\" \/>\n\t<meta property=\"og:image:height\" content=\"1624\" \/>\n\t<meta property=\"og:image:type\" content=\"image\/jpeg\" \/>\n<meta name=\"twitter:card\" content=\"summary_large_image\" \/>\n<script type=\"application\/ld+json\" class=\"yoast-schema-graph\">{\"@context\":\"https:\/\/schema.org\",\"@graph\":[{\"@type\":\"WebPage\",\"@id\":\"http:\/\/marisolisidoro.com.br\/?product=exercicios-extras-de-apoio-em-ingles-3-com-respostas\",\"url\":\"http:\/\/marisolisidoro.com.br\/?product=exercicios-extras-de-apoio-em-ingles-3-com-respostas\",\"name\":\"Exerc\u00edcios Extras de Apoio em Ingl\u00eas 3 - (Com respostas) - Marisol Isidoro\",\"isPartOf\":{\"@id\":\"https:\/\/marisolisidoro.com.br\/#website\"},\"datePublished\":\"2018-07-01T23:47:07+00:00\",\"dateModified\":\"2018-12-05T13:16:21+00:00\",\"breadcrumb\":{\"@id\":\"http:\/\/marisolisidoro.com.br\/?product=exercicios-extras-de-apoio-em-ingles-3-com-respostas#breadcrumb\"},\"inLanguage\":\"pt-BR\",\"potentialAction\":[{\"@type\":\"ReadAction\",\"target\":[\"http:\/\/marisolisidoro.com.br\/?product=exercicios-extras-de-apoio-em-ingles-3-com-respostas\"]}]},{\"@type\":\"BreadcrumbList\",\"@id\":\"http:\/\/marisolisidoro.com.br\/?product=exercicios-extras-de-apoio-em-ingles-3-com-respostas#breadcrumb\",\"itemListElement\":[{\"@type\":\"ListItem\",\"position\":1,\"name\":\"In\u00edcio\",\"item\":\"https:\/\/marisolisidoro.com.br\/\"},{\"@type\":\"ListItem\",\"position\":2,\"name\":\"Loja\",\"item\":\"https:\/\/marisolisidoro.com.br\/?page_id=4\"},{\"@type\":\"ListItem\",\"position\":3,\"name\":\"Exerc\u00edcios Extras de Apoio em Ingl\u00eas 3 &#8211; (Com respostas)\"}]},{\"@type\":\"WebSite\",\"@id\":\"https:\/\/marisolisidoro.com.br\/#website\",\"url\":\"https:\/\/marisolisidoro.com.br\/\",\"name\":\"Marisol Isidoro\",\"description\":\"Ingl\u00eas com logica\",\"potentialAction\":[{\"@type\":\"SearchAction\",\"target\":{\"@type\":\"EntryPoint\",\"urlTemplate\":\"https:\/\/marisolisidoro.com.br\/?s={search_term_string}\"},\"query-input\":\"required name=search_term_string\"}],\"inLanguage\":\"pt-BR\"}]}<\/script>\n<!-- \/ Yoast SEO plugin. -->","yoast_head_json":{"title":"Exerc\u00edcios Extras de Apoio em Ingl\u00eas 3 - (Com respostas) - Marisol Isidoro","robots":{"index":"index","follow":"follow","max-snippet":"max-snippet:-1","max-image-preview":"max-image-preview:large","max-video-preview":"max-video-preview:-1"},"canonical":"http:\/\/marisolisidoro.com.br\/?product=exercicios-extras-de-apoio-em-ingles-3-com-respostas","og_locale":"pt_BR","og_type":"article","og_title":"Exerc\u00edcios Extras de Apoio em Ingl\u00eas 3 - (Com respostas) - Marisol Isidoro","og_description":"Exerc\u00edcios Extras de Apoio em Ingl\u00eas 3 al\u00e9m de reciclar t\u00f3picos gramaticais apresentados nos volumes 1 e 2, completa o volume 1 e 2 com mais t\u00f3picos fr\u00e1geis e d\u00fabios para o aluno da l\u00edngua inglesa, tanto na ala gramatical como na expans\u00e3o do vocabul\u00e1rio.    Sem Respostas   Amostra do livro","og_url":"http:\/\/marisolisidoro.com.br\/?product=exercicios-extras-de-apoio-em-ingles-3-com-respostas","og_site_name":"Marisol Isidoro","article_publisher":"https:\/\/www.facebook.com\/marisol.isidoro\/","article_modified_time":"2018-12-05T13:16:21+00:00","og_image":[{"width":1211,"height":1624,"url":"http:\/\/marisolisidoro.com.br\/wp-content\/uploads\/2018\/07\/AF_CAPA_EEDA_03_com_resposta-1.jpg","type":"image\/jpeg"}],"twitter_card":"summary_large_image","schema":{"@context":"https:\/\/schema.org","@graph":[{"@type":"WebPage","@id":"http:\/\/marisolisidoro.com.br\/?product=exercicios-extras-de-apoio-em-ingles-3-com-respostas","url":"http:\/\/marisolisidoro.com.br\/?product=exercicios-extras-de-apoio-em-ingles-3-com-respostas","name":"Exerc\u00edcios Extras de Apoio em Ingl\u00eas 3 - (Com respostas) - Marisol Isidoro","isPartOf":{"@id":"https:\/\/marisolisidoro.com.br\/#website"},"datePublished":"2018-07-01T23:47:07+00:00","dateModified":"2018-12-05T13:16:21+00:00","breadcrumb":{"@id":"http:\/\/marisolisidoro.com.br\/?product=exercicios-extras-de-apoio-em-ingles-3-com-respostas#breadcrumb"},"inLanguage":"pt-BR","potentialAction":[{"@type":"ReadAction","target":["http:\/\/marisolisidoro.com.br\/?product=exercicios-extras-de-apoio-em-ingles-3-com-respostas"]}]},{"@type":"BreadcrumbList","@id":"http:\/\/marisolisidoro.com.br\/?product=exercicios-extras-de-apoio-em-ingles-3-com-respostas#breadcrumb","itemListElement":[{"@type":"ListItem","position":1,"name":"In\u00edcio","item":"https:\/\/marisolisidoro.com.br\/"},{"@type":"ListItem","position":2,"name":"Loja","item":"https:\/\/marisolisidoro.com.br\/?page_id=4"},{"@type":"ListItem","position":3,"name":"Exerc\u00edcios Extras de Apoio em Ingl\u00eas 3 &#8211; (Com respostas)"}]},{"@type":"WebSite","@id":"https:\/\/marisolisidoro.com.br\/#website","url":"https:\/\/marisolisidoro.com.br\/","name":"Marisol Isidoro","description":"Ingl\u00eas com logica","potentialAction":[{"@type":"SearchAction","target":{"@type":"EntryPoint","urlTemplate":"https:\/\/marisolisidoro.com.br\/?s={search_term_string}"},"query-input":"required name=search_term_string"}],"inLanguage":"pt-BR"}]}},"_links":{"self":[{"href":"http:\/\/marisolisidoro.com.br\/index.php?rest_route=\/wp\/v2\/product\/396"}],"collection":[{"href":"http:\/\/marisolisidoro.com.br\/index.php?rest_route=\/wp\/v2\/product"}],"about":[{"href":"http:\/\/marisolisidoro.com.br\/index.php?rest_route=\/wp\/v2\/types\/product"}],"replies":[{"embeddable":true,"href":"http:\/\/marisolisidoro.com.br\/index.php?rest_route=%2Fwp%2Fv2%2Fcomments&post=396"}],"wp:featuredmedia":[{"embeddable":true,"href":"http:\/\/marisolisidoro.com.br\/index.php?rest_route=\/wp\/v2\/media\/433"}],"wp:attachment":[{"href":"http:\/\/marisolisidoro.com.br\/index.php?rest_route=%2Fwp%2Fv2%2Fmedia&parent=396"}],"wp:term":[{"taxonomy":"product_cat","embeddable":true,"href":"http:\/\/marisolisidoro.com.br\/index.php?rest_route=%2Fwp%2Fv2%2Fproduct_cat&post=396"},{"taxonomy":"product_tag","embeddable":true,"href":"http:\/\/marisolisidoro.com.br\/index.php?rest_route=%2Fwp%2Fv2%2Fproduct_tag&post=396"}],"curies":[{"name":"wp","href":"https:\/\/api.w.org\/{rel}","templated":true}]}}